ed by i?
9
Let a = 371 + -237. What is the remainder when a is divided by 45?
44
Let j(l) = 4*l + 1. Let o(g) = -1. Let m(h) = -j(h) + 5*o(h). Suppose 4*y + 40 - 86 = -a + 70, 0 = 3*a. Calculate the remainder when y is divided by m(-4).
9
Suppose -3*t + 77 = 2*h, 4*h + 2*t = 100 + 58. Let o = h + -18. Calculate the remainder when o is divided by 13.
9
Suppose -5*n + 2 = 2*i - 18, -4*n = -2*i - 34. Calculate the remainder when 41 is divided by n.
5
Suppose 3*a + a = 164. Calculate the remainder when (-5)/(-6)*(-14)/91*-13*72 is divided by a.
38
Suppose -5*y - 4*y = -81. Let h(v) = v**3 - v**2 - 7*v + 5. What is the remainder when h(4) is divided by y?
7
Let t = -111 + 204. What is the remainder when t is divided by (-24)/5*(-40)/16?
9
Suppose 7*t - 4*t - 2*m = 43, m - 55 = -3*t. Calculate the remainder when 132 is divided by t.
13
Let z(w) = w**2 + 25*w + 136. What is the remainder when 119 is divided by z(-18)?
9
Suppose 5*s = n + 526, 5*s + 419 = 9*s + n. What is the remainder when 1049 is divided by s?
104
Let v(t) = 2*t**2 - t - 25. Let u be v(5). Calculate the remainder when 62 is divided by ((-35)/u)/((-2)/24).
20
Let b be ((-480)/(-84))/(2/14). Calculate the remainder when ((-36)/15)/((-12)/b) is divided by (5/(-2))/((-1)/2).
3
Let u(h) = -4*h + 21. Let d(l) = l - 1. Let i(g) = -d(g) - u(g). What is the remainder when 7 is divided by i(8)?
3
Suppose p = 3*p + 6, 2*p = 5*u - 21. Suppose 220 = u*q + 2*q. What is the remainder when 86 is divided by q?
42
Let c(l) = 2*l**2 - 3*l - 89. Calculate the remainder when c(11) is divided by 47.
26
Let g = -76 - -43. Let k = -20 - g. Calculate the remainder when k is divided by 5.
3
Calculate the remainder when (-3533)/(-11) + (-150)/825 is divided by 4.
1
Suppose 6*c - 4 - 8 = 0. What is the remainder when c is divided by 1?
0
Suppose 0 = 19*x - 4*x - 120. Suppose -2*k - l + 73 = 3*k, 0 = k - 5*l - 25. What is the remainder when k is divided by x?
7
Let w(z) = -z**3 - 7*z**2 - 5*z - 2. Let u be w(-8). Suppose -4*r = 2 - u. Calculate the remainder when 2/6 - 442/(-6) is divided by r.
24
Let u(v) = 8*v + 1. Let x = 20 + -4. Suppose -2*j = -w + x, -w - 5 = -3*j - 17. Calculate the remainder when w is divided by u(1).
6
Let j(c) = -c**3 + 6*c**2 - 8*c + 4. Let g be j(6). Let k be (129/(-15))/((-32)/30 + 1). Let v = g + k. Calculate the remainder when v is divided by 22.
19
Let u(x) = 3*x**2 + x - 1. Suppose -2*n - 3*g = 13, -2*n - 2*g = 2*n + 6. Let p be u(n). Suppose 10 = p*b - 17. Calculate the remainder when 16 is divided by b.
7
Suppose 8*g + 166 = -154. Calculate the remainder when (g/25)/(-1*1/60) is divided by 33.
30
Let y(s) = -s**3 - 11*s**2 - 15*s - 28. What is the remainder when 438 is divided by y(-10)?
20
Let z = 4 + -4. Suppose z = a - 13 + 3. Suppose -6 = 3*i + 3, -3*h - 2*i = -78. What is the remainder when h is divided by a?
8
Let o(p) = 265*p + 33. Let h be o(6). What is the remainder when h/9 - ((-33)/9 + 3) is divided by 46?
43
Suppose -5*l + 9 = -8*l. Let y be (l/(-9))/(3/36). What is the remainder when 53 is divided by ((-7)/y)/(8/(-64))?
11
Let k = -35 - -77. Let z = -71 - -146. Suppose -2*b + 38 = -2*q - 2*q, 5*b - 5*q = z. Calculate the remainder when k is divided by b.
9
Suppose 0 = -3*t - t - l + 18, -3*l + 19 = 5*t. Suppose 0 = t*k - k - 112. Let c = k + 19. What is the remainder when c is divided by 12?
11
Let s(t) = -t + 5 + 3 - 1 + 9 - t**3 + 2*t**2. Let u be s(0). Calculate the remainder when (u/(-5))/((-6)/15) is divided by 5.
3
Let c = -100 - -168. Calculate the remainder when c is divided by 13.
3
Let l(t) = -t**2 + 29*t - 38. What is the remainder when l(27) is divided by 2?
0
Let o(a) = 2*a + 4. Let z be o(3). Suppose -n = n - z. Suppose 92 = 5*s - 2*b, s - 37 = -s + b. What is the remainder when s is divided by n?
3
What is the remainder when 162 is divided by 22 - 24 - (-16 - 1)/1?
12
Suppose -5*b - 4*a + 4 = -1, -5 = -3*b - 2*a. Let y(q) = -q**3 + 6*q**2 + 2*q. Suppose 0 = 4*p - 133 - 139. Calculate the remainder when p is divided by y(b).
33
Let m = 72 + -46. Suppose 6 + 6 = -4*b. What is the remainder when b/(-12) - (-921)/12 is divided by m?
25
Suppose -2*c = 4*c. Suppose -l - 7 = -c*l + 5*j, -80 = -5*l - 2*j. Suppose -l = -q - 6. Calculate the remainder when 35 is divided by q.
11
Let x = -2063 - -2103. Calculate the remainder when 85 is divided by x.
5
What is the remainder when 142 is divided by (2826/1099)/((2/7)/2)?
16
Suppose 2*f + 3 = 9. Suppose f*n + 50 = 2*u, 7*u - 5*u = 4*n + 50. Calculate the remainder when 85 is divided by u.
10
Suppose 74 = 5*s + 3*z, -s + z + 8 = -2. What is the remainder when 526 is divided by s?
6
Let v(l) = 22*l - 3. Suppose 3*n + 10 = 8*n. Suppose 10 = n*c - c. Calculate the remainder when v(1) is divided by c.
9
Suppose 2*w - 6*w - 4 = -5*p, -3*p + 24 = 3*w. Suppose p*x - 498 = -2*x. What is the remainder when x is divided by 12?
11
What is the remainder when (-16)/(-32)*4044/6 is divided by 97?
46
Let d(j) = j**2 + 5*j - 2. Let b be d(-5). Let m = 2 - b. Suppose 102 = m*v - 2*c, 0*c + 3*c - 43 = -v. What is the remainder when v is divided by 15?
13
Let r(g) = 5*g + 113. Suppose 3*o - 5*z = 31, 3*o - 5*z = -2*o + 55. Calculate the remainder when r(-16) is divided by o.
9
Let p = 60 + -48. What is the remainder when 23 + (-2 - (0 - 0)) is divided by p?
9
Let b(w) = -35*w - 5. Calculate the remainder when b(-9) is divided by 39.
37
Let g(j) = -j**2 + 4*j. Let h be g(3). Suppose -3*z - 4 = -2*c, -h*z - 3 = -3*c - 0*c. What is the remainder when ((-4)/6)/(z/105) is divided by 12?
11
Suppose -27*i + 195 = -12*i. Calculate the remainder when i is divided by 6.
1
Suppose 6 = 2*g - 8. Let x(y) = -y**3 + y**2 + 26. What is the remainder when x(0) is divided by g?
5
Suppose 0 = -8*n + 11*n - 258. Let l = 215 - n. Calculate the remainder when l is divided by 44.
41
Suppose -6 = -2*j - 0. Let b(y) = y + 18*y**2 + y - 2 - j*y + 3*y. Calculate the remainder when 71 is divided by b(1).
17
What is the remainder when 10/12*27/15*26 is divided by 22?
17
Let r = -42 - -78. What is the remainder when 94 is divided by r?
22
Let n be 208/1 - (-6 - -3). Let y = n + -148. Calculate the remainder when y is divided by 16.
15
Let l(o) be the second derivative of o**4/6 - o**3 + 3*o**2/2 - 12*o. What is the remainder when l(5) is divided by 12?
11
Let j be 15 + 3 + 0 + -3. Let u = 41 - j. Suppose 0 = b - 1, 5*b + 15 + 30 = 5*a. Calculate the remainder when u is divided by a.
6
Let c be (-300)/(-8) - -1 - (-3)/(-2). Let s = 40 - c. What is the remainder when 3 is divided by s?
0
Suppose 0 = 4*s + g - 440, -401 = -5*s - 4*g + 138. Let q = 117 - s. Calculate the remainder when q is divided by 4.
2
Let j = 64 + -59. Calculate the remainder when j is divided by 2.
1
Let x(y) = 18*y - 78. What is the remainder when 118 is divided by x(5)?
10
Suppose 3*m - 1713 = -5*l, -5*l - 551 = 7*m - 8*m. What is the remainder when m is divided by 21?
20
Calculate the remainder when 49 is divided by 15/(-60) - 63/(-12).
4
Let t = -1333 - -1500. Calculate the remainder when t is divided by 12.
11
Let c = -30 + 34. Suppose -c*o - y - 2*y + 22 = 0, 13 = o - 3*y. Calculate the remainder when 34 is divided by o.
6
Let m(c) = -39*c**3 - 1. Let f be m(-1). Suppose 6*k + f = 8*k. Calculate the remainder when 70 is divided by k.
13
What is the remainder when ((-592)/10 + 9)*-5 is divided by 29?
19
Let d = -85 - -152. Let l = -40 + d. Let m = 5857 + -5850. Calculate the remainder when l is divided by m.
6
What is the remainder when ((-1)/(-3))/(5 + 5214/(-1044)) is divided by -12*((-2)/8 - 1)?
13
Suppose 2*g + 156 = -2*n, -2*g = -0*n - n + 144. What is the remainder when g/(-10)*5/1 is divided by 8?
5
Suppose 679 = 2*f - 571. Suppose -3*o + f = -m + 5*m, 0 = 4*m - 3*o - 655. Calculate the remainder when m is divided by 27.
25
Suppose d = -3*f + 17, -5*f + 45 = 5*d - 0*d. Suppose f*i + h - 22 = 50, 4*i = h + 72. Calculate the remainder when i is divided by 5.
3
Let m(b) = -9*b - 3. Let o be m(2). Let g be (-12)/o - 24/(-7). Suppose -u = -g*d - 29, 5*d + 10 + 135 = 5*u. Calculate the remainder when 55 is divided by u.
26
What is the remainder when 85 is divided by (-4)/2*649/(-22)?
26
Let z(x) = 15*x + 48. Calculate the remainder when z(6) is divided by 24.
18
Suppose 14 = -2*g +